8. Let j(m) = -m**2 + 3*m + 6. Let q be j(5). List the prime factors of s(q).
2, 3
Let g(f) = 4*f + 54. Let v be g(-13). Let i(m) = -m**2 - 4*m + 2. Let t be i(-4). Suppose t*q + v*q = 44. List the prime factors of q.
11
Let c = -878 + 1432. List the prime factors of c.
2, 277
Let d be 6/(-14) - (-4039)/49. Let w = 124 - d. Suppose -y + w = y. List the prime factors of y.
3, 7
Suppose -2*c + 2*j - 160 = 3*j, -2*c - 2*j - 160 = 0. Let l = 93 + c. List the prime factors of l.
13
Let q(y) = 2*y**2 + 2. Let r = 41 + -39. What are the prime factors of q(r)?
2, 5
Suppose -4*d + 34 = 4*y - 94, -4*y + 98 = 3*d. Let b(l) = 2*l. Let z be b(6). Let t = d - z. List the prime factors of t.
2, 3
Let y(b) = -b**2 + 9*b - 9. Let n be y(7). Suppose -24 = 4*z - 5*r - 5, -n*r - 5 = 0. Let c(q) = q**3 + 7*q**2 + q + 7. What are the prime factors of c(z)?
37
Suppose -560*b + 563*b = 567. List the prime factors of b.
3, 7
Suppose -4*g = 2*p + 39 + 81, 2*g + 5*p = -60. List the prime factors of 1/(-3) + (-340)/g.
11
Let a be 88/16 + 3/(-2). Suppose -2*l + 91 = -g, -5*l = -g - a*g - 230. List the prime factors of l.
3, 5
Let q be 1149/(-12) + 1/(-4). What are the prime factors of 3/(-2)*q/18?
2
Let g be ((-56)/3)/(2/(-84)). Suppose g = 8*s - 1168. What are the prime factors of s?
2, 61
Let l = -3049 - -5376. What are the prime factors of l?
13, 179
Let f(s) = -s**2 + 3*s + 2. Let m be f(4). Let x = -19 - m. List the prime factors of x/(-17) + (34 - -1).
2, 3
Let o be (-1 - -2)/(7/(-14)). Let y be (-2)/o - (3 - 5). Suppose -f + 248 = y*f. What are the prime factors of f?
2, 31
Let z(u) = u**2 + 5*u - 7. Let d(j) = 3*j. Let c be d(1). Let f be (c/(-2))/((-6)/(-32)). What are the prime factors of z(f)?
17
Let n(w) = -w**2 + 8*w - 5. Suppose 3 = z - 4. Let g be n(z). Suppose -r - 3*a + 12 = 0, 3*r + 0*r + g*a - 22 = 0. List the prime factors of r.
2, 3
Suppose -9 + 5 = -l. Suppose -l*n = -3*n + 1, 0 = -5*r + 5*n + 170. List the prime factors of r.
3, 11
Let s = 5 + -3. Suppose 2*q + 4*t = 2*t + 4, -t = s. Suppose q*w - 120 = w. List the prime factors of w.
2, 5
Let q = 28 + -25. Suppose -q*c + 72 = 3*c. Suppose -4*f + c = -2*f. List the prime factors of f.
2, 3
Let o(l) = -40*l + 3. Let y(j) = -j - 7. Let v be y(-5). Let c be o(v). Suppose 3*x - c - 49 = 0. List the prime factors of x.
2, 11
Suppose -51 = 5*q - 8*q. Suppose -g - f = -6*g + q, 3*g + 2*f - 5 = 0. Suppose -g*p = 2*y - 41 + 6, -4*y = -4*p + 20. List the prime factors of p.
3
Let x(b) = -b**2 + 3*b + 2. Let c be x(2). Let v(s) = -10*s**3 - 2*s**2 + 2*s + 2. Let h be v(-1). Suppose -80 = -h*d + c*d. What are the prime factors of d?
2, 5
Let g(r) = -4*r + 2. Let x be g(2). Let v(n) = n**3 + 5*n**2 - 8*n + 2. Let d be v(x). Suppose 0 = -m - 5 + d. List the prime factors of m.
3
Let q(v) = 63*v + 4. Let p be q(3). Suppose -2*u - 242 = -3*y, -10 = 5*y + 10. Let f = u + p. List the prime factors of f.
2, 3, 11
Suppose 2*d - 3*u + 6 = 0, -2*d + 3*u + 15 = -7*d. Let c(k) = -18*k. List the prime factors of c(d).
2, 3
Let h(x) = -6*x**3 - 21*x**2 + 28*x - 31. Let b(s) = -5*s**3 - 20*s**2 + 29*s - 30. Let v(y) = 5*b(y) - 4*h(y). What are the prime factors of v(-18)?
2, 7
Suppose t = -0*t + 4. Suppose -u = -5*w - 111, -u + t*w - 264 = -3*u. List the prime factors of (-3)/(-1) + u/6.
2, 3
Let h = -17 + 21. Let s(z) = 7*z**2 + z + 8. List the prime factors of s(h).
2, 31
Let s(w) = 929*w**2 + 13*w - 15. What are the prime factors of s(1)?
3, 103
Let r = -11 + 12. List the prime factors of r*(-7)/(7/(-86)).
2, 43
Let i = -27 + 31. Let u be (14/i)/(-7)*88. Let t = -23 - u. What are the prime factors of t?
3, 7
Suppose -415 = -6*d + 53. Suppose -n + d = 14. Suppose -125 = -4*y + 3*w, -y - 3*w = 14 - n. What are the prime factors of y?
5, 7
Suppose 0 = -4*r + 25 + 39. Let b be (-2)/(-4*(-1)/r). Let m = 17 - b. What are the prime factors of m?
5
Let n(d) = -d**2 + 24*d + 31. Let w be (5 + 26 + -5)*1/2. What are the prime factors of n(w)?
2, 3, 29
Let p(m) be the second derivative of 7*m**4/12 - 2*m**3/3 + 3*m**2 + 17*m. List the prime factors of p(4).
2, 3, 17
Let q(n) be the third derivative of n**5/12 + 2*n**3/3 - 7*n**2. Let x be q(3). Suppose -i + x - 158 = -3*d, 20 = -5*i. What are the prime factors of d?
5, 7
Let q(z) = 2*z + 14. Let k be q(-5). Suppose u = -2*u + 9. Suppose u*y - 24 = -4*j, k*y + j = -y + 57. List the prime factors of y.
2, 3
Suppose 3*p - 5*f + 4 = -6, 4*p + 2*f = 30. Let s = -2 + p. List the prime factors of (4 - 2)/(s/18).
2, 3
Let s(t) = 11*t - 6. Let a(d) be the second derivative of -d**3/6 + 5*d**2 + 4*d. Let o be a(7). What are the prime factors of s(o)?
3
Let x = -39 - -7. Let u(d) = 5*d - 80. Let s be u(17). Let j = s - x. What are the prime factors of j?
37
Let u = -401 + 116. Let p = u - -433. List the prime factors of p.
2, 37
Suppose -4431 = -20*r + 3749. What are the prime factors of r?
409
Let f(u) = -u**3 + 11*u**2 - 14*u + 25. Let t be f(10). List the prime factors of ((-42)/t)/(1*(-3)/(-120)).
2, 7
Suppose -o + 66 = 2*r + 3*o, -2*r + 98 = -4*o. What are the prime factors of r?
41
Let w be 9/(-45) + 21/5. Suppose -u + 2*u = w*n - 13, 4*u + 4*n = 8. What are the prime factors of 6/(116/104 + u)?
2, 13
What are the prime factors of 90/(-10) - 9129/(-3)?
2, 37, 41
Let z = -129 + 122. Let f(m) be the second derivative of -2*m**3/3 - m. List the prime factors of f(z).
2, 7
Let w(q) = -2*q + 4. Suppose 4*p + 99 = -5*r, -2*r + p - 48 = 2. Let z = r + 11. What are the prime factors of w(z)?
2, 7
Let x be 0/(-2*(-3)/(-6)). Let w = x + 11. Suppose 306 = w*s - 5*s. List the prime factors of s.
3, 17
Let y = 106 + 1204. What are the prime factors of y?
2, 5, 131
Let d = 6267 - 3433. List the prime factors of d.
2, 13, 109
Suppose 0 = 9*t - 9132 + 2535. What are the prime factors of t?
733
Suppose -5*q + 6982 = 3*t, 3*q - 1306 = -2*t + 3350. What are the prime factors of t?
2, 3, 389
Suppose -3*z + 0 - 9 = 0. Let g(h) be the second derivative of h**5/20 + h**4/2 - h**3/3 - 3*h**2/2 - h. List the prime factors of g(z).
2, 3, 5
Let x be (-4)/2 - (-10 + 4). Suppose j - p - 11 = -j, 4*j - 24 = x*p. Suppose -18 = -j*k + 27. What are the prime factors of k?
3
Suppose 2*g = -3*t + 7070, 2*t - 6*t = 3*g - 10606. What are the prime factors of g?
2, 29, 61
Let p(r) = -2*r - 13. Let h(q) = -3*q - 14. Let z(l) = -4*h(l) + 5*p(l). Let c be z(9). List the prime factors of 9*(69/c - 1).
2, 3, 5
Suppose 10*m - 12 = 7*m. Suppose m*g + 572 = -0*g. Let b = -94 - g. List the prime factors of b.
7
Suppose 5 = 4*k - 3, -51 = 3*p - 3*k. Let h = 23 - p. List the prime factors of h.
2, 19
Let w(l) = 3*l**2 - 2*l - 13. List the prime factors of w(9).
2, 53
Let j(o) = 137*o + 286. List the prime factors of j(11).
11, 163
Suppose 0 = 7*l + i - 25034, -2*l = 5*i + 817 - 7946. What are the prime factors of l?
7, 73
Let v(p) = -p**2 + 7*p + 4. Let a be v(9). Let i be (-8)/(-28) + (-94)/a. Let s(n) = n**3 - 5*n**2 - 8*n - 8. What are the prime factors of s(i)?
2, 17
Suppose -2*x + 6 = -x. Let p be x/(-4)*(-1 - -3). Let k(f) = -7*f. What are the prime factors of k(p)?
3, 7
Suppose -6*d - 3*d + 72 = 0. Let i(u) = 2*u**2 - 8*u - 12. List the prime factors of i(d).
2, 13
Suppose -4*u + 2*r = -176, -u = -0*u + 3*r - 51. Suppose -u*a + 60 = -40*a. List the prime factors of a.
2, 3
Suppose 4*q = -5*f + 19173, -9609 = 44*q - 46*q + 5*f. What are the prime factors of q?
3, 13, 41
Let v(i) = 6 + 0 + i + 13 + 0. List the prime factors of v(-10).
3
Suppose -3*y - 4*u - u = -3050, 0 = 2*y - u - 2042. What are the prime factors of y?
2, 3, 5, 17
Let f be (-3 - -3) + 325 - 3. Let q = -172 + f. List the prime factors of q.
2, 3, 5
Let j = -38 + 21. Let p = j - -27. Suppose -11*m + 3 = -p*m. What are the prime factors of m?
3
Let h(c) = 4558*c**2 + 2*c + 1. List the prime factors of h(-1).
3, 7, 31
Let h(x) = 32*x + 57. List the prime factors of h(1).
89
Suppose 0 = -9*x + 24 - 6. Suppose -x*y + 7*y + 198 = m, 206 = m + 3*y. List the prime factors of m.
7, 29
What are the prime factors of (258/15)/(5/350)?
2, 7, 43
Let q = -33 + 119. Suppose 5*x = -0*x + 5*z - 185, -4*x - 144 = -3*z. Let n = x + q. What are the prime factors of n?
53
Suppose 0 = -3*l - 8 + 2. Let w be (l/7)/((-9)/63). Suppose -4*q + 34 = w*f - 5*f, 0 = -q + 3*f + 4. List the p